w - 81. What is the greatest common factor of i and w?
12
Let q = 16224 - -14898. What is the greatest common factor of 42 and q?
42
Suppose -517 = 5*y - 797. What is the highest common divisor of 812 and y?
28
Let d = 271008 - 270868. Let h(v) = v**2 + 3*v - 4. Let m be h(6). Calculate the highest common factor of d and m.
10
Suppose 4*o = 8*o - 2576. Let w = o + -285. Suppose 0 = 5*r - w + 29. What is the greatest common divisor of r and 11?
11
Suppose -2*b + 24 = 5*m, 4*b + b + 3*m = 60. Let c = b + -12. Suppose c = 4*y + y - 205. What is the highest common divisor of 164 and y?
41
Let o(d) = -4*d + 25. Let g be o(0). Let c be 57 - 0*5/g. Calculate the greatest common factor of 95 and c.
19
Suppose -810*k - 54*k + 1358 = -107*k - 2427. Suppose -4 = -y + 16. Suppose l = -3*l + y. What is the highest common divisor of k and l?
5
Suppose 17 = -v + 61. Let r(p) = 2*p**2 + 52*p + 42. Let q be r(-28). What is the highest common divisor of q and v?
22
Suppose -12*g = 106 - 370. Let y(k) = -k**2 + 22*k + 57. Let v be y(g). Suppose 0 = 9*n + v - 138. What is the highest common factor of 36 and n?
9
Let u = -61 - -65. Let k = u + 15. Suppose 0 = -2*m - 26 + 444. What is the greatest common divisor of m and k?
19
Let k be (-38591)/(-111)*72/2. What is the highest common divisor of 84 and k?
84
Suppose 13*m = 3*m - 970. Let g = 99 + m. Let h = 30 - g. What is the greatest common factor of h and 70?
14
Suppose 14*t = i + 10*t + 27, 1 = 5*i - 3*t. Suppose -4*w - 57 = 571. Let j = -112 - w. Calculate the greatest common factor of j and i.
5
Suppose 2*r - 20 = -r + 4*y, -y = 3*r + 5. Let i be 4 + (-1 - r/(-5))*2. What is the highest common factor of 3 and i?
1
Suppose 1526*a - 63 = 1519*a. What is the highest common divisor of a and 2?
1
Let i = 9 - 5. Let d be 29/(-4) - 3/i. Let g be 1 - (7 - 2) - d. Calculate the greatest common factor of 20 and g.
4
Suppose 18*d - 1671 + 519 = 0. What is the greatest common divisor of d and 176?
16
Let o = 119 + -117. Suppose 3*v + 438 - 1178 = 5*b, o*v - 493 = 3*b. What is the highest common divisor of v and 70?
35
Let l be (-12)/16 + 1504/128. Let u = -433 - -785. Calculate the highest common factor of u and l.
11
Let j = 755 - 692. Let v(x) = -x**3 - 13*x**2 + 12*x - 1. Let f be v(-14). What is the greatest common factor of j and f?
9
Let m = 163 - 98. Let i be (-37779)/(-490)*(-2 + 4) - (-18)/10. What is the greatest common divisor of i and m?
13
Suppose 0*a = -3*a + 48. Let s = 419 + -223. Suppose -s = -6*c + 92. Calculate the highest common factor of c and a.
16
Let q(v) = -13 - 3*v + v + 5*v - 25. Let r be q(26). Calculate the highest common factor of r and 5.
5
Suppose -2*t = 4*k + 32, -3*k = 5*t + 2*k + 55. Let x(h) = -19*h - 7. Let r be x(-3). Let f = t + r. What is the highest common divisor of f and 22?
22
Suppose -6*y + 324 = -i - 107, -364 = -5*y - 4*i. Calculate the greatest common factor of y and 16056.
72
Suppose 0 = -4*n + 2*w - 129 + 171, 3*w = n - 23. What is the highest common factor of n and 152?
8
Let u(c) = 2*c**2 + 5*c - 11*c - 3 + c**3 + 8. Let g be u(4). Suppose 4*m - 5 = 7, 5*n - g = m. What is the highest common divisor of n and 16?
16
Let i be (-65905)/(-147) + 2/(-6). Let f = i - 160. What is the greatest common factor of 18 and f?
18
Let x = -166 + 262. Let s be ((-3434)/102)/(1/21). Let w = -563 - s. Calculate the highest common divisor of x and w.
48
Let a be ((-4)/5)/((-32)/160). What is the greatest common factor of 114 and a?
2
Suppose -2*o = -2*u - 28, -4*o = 51*u - 46*u - 65. Suppose 10*x - 6*x = 28. Suppose -x - 11 = -3*h. What is the greatest common factor of h and o?
3
Suppose -15 = -2*d - 1. Let p(w) = -w**2 + 3*w. Let m be p(3). Suppose m = -4*q + 21 + d. What is the greatest common factor of q and 14?
7
Let p(d) = d**3 - 32*d**2 - 31*d + 14. Let m be p(33). Suppose 95*o - 90*o = m. Suppose 0 = -2*u + 3*u - 16. Calculate the greatest common divisor of o and u.
16
Let r be (-1)/5 - (0 + 40236/(-30)). What is the greatest common divisor of 745 and r?
149
Let s(q) = q**2 - 91*q + 2020. Let k be s(36). What is the highest common factor of k and 1490?
10
Let b = 2238 + -1818. What is the greatest common divisor of b and 588?
84
Let h be 0*(-2)/((-12)/(-3)) + -45. Let m be (h/(-6) - 1) + 2/(-4). Suppose -m*x + 54 = 6. Calculate the highest common divisor of x and 2.
2
Let n be 8/3*(52 - -53). Calculate the greatest common factor of n and 49.
7
Let f(m) be the second derivative of -m**5/20 - 23*m**4/12 - 11*m**3/3 + 85*m**2/2 + 78*m. Let p be f(-22). Calculate the highest common factor of 51 and p.
17
Suppose -p + 2*k - 266 = 0, k - 4*k = -5*p - 1295. Let i = p - -368. What is the greatest common divisor of 42 and i?
14
Let z be 30/(((40/184)/5)/1). Calculate the highest common divisor of z and 75.
15
Let y = -137 - -1439. Calculate the greatest common factor of 744 and y.
186
Suppose 532*z = 577*z - 1170. Calculate the greatest common factor of z and 78.
26
Suppose -5*r = -3*l - 129, -3*r - 3*l = 2*r - 141. Let i be (-2)/(-5) + 2733/5. Let h = i - 304. What is the greatest common divisor of h and r?
27
Let g = 0 - 0. Suppose g = 8*r - 10*r + 444. Let x = r + -46. Calculate the greatest common divisor of 11 and x.
11
Suppose 0 = 150*c - 149*c - 2476. What is the highest common factor of 8 and c?
4
Let n be 24/40*(1 - -9). Let o be (120/(-9))/((-1)/n). Let b be (140/(-98))/(2/(-14)). Calculate the greatest common factor of b and o.
10
Let h = 425 - 410. Suppose 490 + 5 = h*y. Calculate the highest common divisor of 33 and y.
33
Suppose -2*m + 73458 = 3*m + 2*n, 15*m = 4*n + 220434. Calculate the greatest common factor of m and 62.
62
Suppose 974*q + 2250 = 1019*q. Let x = 14 - 9. Suppose 2*l + 4*v - 94 + 38 = 0, -2*v = -x*l + 92. Calculate the highest common factor of l and q.
10
Suppose -3*p = -5*t - 19 - 7, 0 = 5*p - 3*t - 38. Suppose -p*y - y + 184 = 0. What is the highest common divisor of 161 and y?
23
Let z(t) = -t**2 - 7*t + 1. Let q be z(-7). Let i(n) = 54*n**3 - n**2 - 3*n + 3. Let a be i(q). What is the greatest common factor of 53 and a?
53
Suppose 0 = 8*u + 2820 - 3212. Let t be (-21)/6*(-252)/u. Let p be (12/(-2))/(2/(-4)). Calculate the highest common factor of p and t.
6
Let x be ((-216)/84)/(33/(-770)). Calculate the highest common divisor of 140 and x.
20
Suppose -4*b + 4*s = 122 + 70, -3*b - 144 = -5*s. Let l(q) = q**2 + 42*q - 99. Let x be l(b). What is the greatest common divisor of x and 9?
9
Let g = 2 + -1. Suppose 2*i + 2 - 3 = -3*v, 3*i - 15 = 0. Let a(z) = 4*z**2 + 11*z + 2. Let m be a(v). What is the highest common divisor of m and g?
1
Suppose -x = -4*h + 109, 4*h + 2*x - 107 = x. Let g = h + -12. Suppose -47*n + 30*n + 765 = 0. What is the highest common divisor of g and n?
15
Suppose -4*k + t = -52, k = -2*t + 33 - 20. What is the highest common factor of k and 260?
13
Let t(z) be the first derivative of 55*z**3/3 - 5*z**2/2 - 9*z + 16. Let q be t(-4). Suppose -q + 291 = -5*v. Calculate the greatest common factor of 15 and v.
15
Suppose 41*h = 27*h + 2016. What is the greatest common divisor of h and 24912?
144
Suppose 78*b + 83*b - 2903 = -488. What is the greatest common divisor of b and 9525?
15
Let v(s) = 2*s + 7*s**3 - 201004 + 4*s**3 + s**2 + 201002. Let r be 2/(-2)*-1*1. Let t be v(r). What is the greatest common divisor of t and 6?
6
Let o(p) = -p**3 + 3*p**2 + 3*p + 13. Let g be o(4). Let f(j) = j**3 - 7*j**2 + 6*j + 22. Let m be f(g). What is the greatest common divisor of m and 34?
34
Let d = -11104 + 18754. What is the greatest common divisor of 15 and d?
15
Suppose -190*z + 177*z = -90 - 222. Calculate the highest common factor of z and 2028.
12
Let c(i) = 35*i - 2. Let s be c(-1). Let u = 42 + s. Calculate the highest common divisor of 85 and u.
5
Suppose -3*r + 10 = -a - 131, -10*a = 30. Calculate the greatest common factor of r and 3818.
46
Suppose -4*q = -q - 216. Suppose 4*j = 15*j - 693. Suppose 0 = -16*n + j*n - 423. Calculate the greatest common divisor of n and q.
9
Suppose 0 = 15*i - 464 - 481. Suppose -2*c + 5*x - 277 = 0, 5*c - 3*x - x + 701 = 0. Let n = c - -148. What is the highest common divisor of i and n?
7
Let z be (-2)/9 + (-15 - (-5664)/216). Let j(c) = -11*c**3 - 2*c**2 + 7*c + 5. Let v be j(-4). Calculate the highest